 What is the highest common divisor of d and 363?
33
Let q be -2*2/8 - (-297)/2. Calculate the greatest common divisor of q and 4.
4
Let o be (-8)/(-2)*5/4. Suppose 450 = 5*k + 2*m + 3*m, -4*k + o*m + 396 = 0. Suppose -41 - k = -5*b. What is the greatest common divisor of b and 3?
3
Let z be (-1)/(-3*(-8)/(-864)). What is the highest common factor of 28 and z?
4
Let o = 369 + -297. Calculate the highest common factor of o and 264.
24
Suppose -4*m = 10*m - 32830. What is the highest common divisor of m and 35?
35
Let h be 5/20*0 - -6. Suppose h*j = j + 65. What is the highest common factor of 52 and j?
13
Suppose 10*g - 10 = 8*g. Suppose 0*m - 26 = -4*k - 2*m, g*k + 4*m - 31 = 0. What is the highest common factor of k and 7?
7
Let r be (4 - 2 - 2) + 3. Let z be r/(-7) + (-48)/(-14). Suppose a + 50 = z*a. Calculate the greatest common factor of a and 10.
5
Let k = 44 - 31. Suppose 3*h = 4*w + 23, -4*h + h = 4*w - 7. Let j(d) = -29*d + 7. Let o be j(w). What is the highest common factor of o and k?
13
Let j be 1*-5*(3 + -4). Suppose -j*i - 228 = -o, -5*i - 471 - 396 = -4*o. Let k = -101 + o. Calculate the greatest common divisor of 16 and k.
16
Let g be 5 + 9/(-4 - -7). Suppose 0 = -7*q + g*q - 319. Calculate the highest common factor of q and 29.
29
Let v be ((-128)/(40/(-5)))/(1 - 0). Calculate the greatest common divisor of v and 32.
16
Suppose t + q - 12 = 0, t + 32*q = 29*q + 20. Suppose 2*b - 190 + 40 = -2*r, -3*r = 3. Let c = 12 + b. What is the highest common factor of t and c?
8
Suppose -1217 = -2*s + 4*i - i, -2*i - 608 = -s. Calculate the highest common divisor of s and 10.
10
Let f be (-2)/4*6 - -6. Let u be (-3)/(f/(-16)) + (-1 - 0). Calculate the greatest common divisor of 60 and u.
15
Let a be (-2)/(-1 + ((-30)/(-9) - 3)). Let x be (-11)/((-5 + a)/10). What is the greatest common factor of x and 11?
11
Suppose t + 12 = 2*j - t, -2*j = 4*t - 12. Suppose j*k + 40 - 1576 = 0. Calculate the greatest common divisor of k and 32.
32
Suppose 0 = -3*h + 5*y + 511 + 1740, 4*h - y = 2990. Calculate the greatest common factor of 166 and h.
83
Let o be -20*(-3)/(-12)*-7. Suppose -4*b = 315 + 21. Let c be ((-1)/(-3))/((-2)/b). Calculate the highest common divisor of c and o.
7
Suppose -2*n - 2*a = -3*a - 9, n = 4*a + 22. Suppose 12 - 504 = n*g. Let r be g/(-12) - (-3)/(-6). Calculate the greatest common factor of r and 10.
10
Let p = 48 + -27. Let l be 40/(-30)*p/(-2). What is the highest common divisor of l and 28?
14
Let h(o) = -2*o**3 - 6*o**2 + o + 27. Let g be h(-3). Calculate the highest common factor of g and 256.
8
Suppose -23 = -a - 4. Let u = 555 + -128. Let r = u - 294. What is the greatest common factor of a and r?
19
Suppose -5*c - 11*v + 485 = -10*v, c - v = 91. Calculate the highest common divisor of 72 and c.
24
Let h be 1/3 - 1318/(-6). Suppose 0*q - h = 4*q + 4*f, 0 = 2*q - f + 101. Let s be (q/(-5))/(4/40). Calculate the highest common factor of s and 26.
26
Let i = -24 - -59. Suppose -6 - 78 = 2*l. Let z be (0 - 2)/(12/l). What is the highest common divisor of i and z?
7
Let q(z) = z**3 + 5*z**2 + 6*z - 4. Let p be q(-5). Let d = p + 70. Calculate the greatest common factor of d and 18.
18
Let s(f) = 2*f - f - 10 + 4*f - 34. Let q be s(9). What is the greatest common divisor of 13 and q?
1
Let h = 2 + 7. Let b = h - 9. Suppose -u = u - 8, -5*v + 2*u + 42 = b. Calculate the greatest common divisor of 50 and v.
10
Suppose -4*v + 74 = -5*w, 15*v = 13*v + w + 28. Let x be -2 + (1 + -2 - -113). What is the greatest common factor of x and v?
11
Suppose 5*b = -g - 2*g + 89, 5*b = 20. What is the greatest common factor of 713 and g?
23
Suppose -9*i = -5*i + 3*z - 20, -5*i + 30 = 5*z. Calculate the highest common divisor of 62 and i.
2
Let w = 2658 + -2652. Let y(o) = -9*o + 3. Let u be y(-5). Calculate the highest common divisor of w and u.
6
Suppose 4*p + 2 = 5*p. Let j(u) = -u - 3*u + u**p + 3*u**2 + 1. Let c be j(-4). Calculate the highest common divisor of 9 and c.
9
Let g(n) = n**2 - 4*n - 8. Let z be g(8). Let k = 29 - z. What is the highest common factor of 45 and k?
5
Suppose 34 = 5*i + 9, 2*m = 3*i + 105. Let c(a) = -17*a**2 - a - 2. Let l be c(-2). Let f = l + 108. Calculate the greatest common factor of m and f.
20
Let s = -46 - -28. Let n = 29 + s. What is the greatest common divisor of n and 88?
11
Suppose -a + 3*w = -480, -11*a + 8*a + 1480 = -w. What is the greatest common factor of a and 11?
11
Let x(b) = -4*b**2 + 34*b - 18. Let g be x(6). What is the greatest common divisor of 91 and g?
7
Suppose n - 7 = -3*i, -13*n + 9*n - 5*i = -63. What is the greatest common divisor of 1166 and n?
22
Let z be 244*(-1)/(-36) - (-4)/18. Calculate the greatest common factor of 3 and z.
1
Let g = -336 - -371. Let z = -12 - -19. What is the highest common factor of z and g?
7
Let f(p) = -18*p + 5. Let q be f(-4). Let o = 71 - 66. Suppose o*a - 4*t = 72 - 21, -t - 4 = 0. Calculate the highest common divisor of a and q.
7
Suppose 0 = -3*r + 30 - 42. Let s be 624/30 - ((-4)/(-5))/r. Calculate the greatest common factor of s and 42.
21
Suppose -12*y = -17*y. Suppose y*l + 2*l - 40 = 0. Let s = 13 - 9. What is the greatest common divisor of l and s?
4
Suppose 2*m - m + 2 = 0. Let j = 10 + m. Suppose 0 = -4*l + 3*f - 13 + 86, -2*f - 86 = -5*l. Calculate the highest common divisor of l and j.
8
Suppose c + 5*u = 64, 0 = -4*u + 2 - 14. Suppose -4*p - 29 = 103. Let h = c - p. What is the highest common divisor of h and 16?
16
Let q(n) = -2*n - 9. Let t be q(-6). Suppose 2*u = t*u - 21. What is the highest common divisor of 7 and u?
7
Let o be (1 + 2)*((-525)/(-9))/1. What is the highest common factor of o and 7?
7
Let q = -428 - -523. Calculate the greatest common divisor of 38 and q.
19
Let k(q) = -18*q**2 - 6*q + 20 - 6 - q**3 + 6*q**2 + 20*q. Let a be k(-13). Let l be -33*(2 + -4) - a. Calculate the highest common factor of l and 13.
13
Let w = 1571 - 1373. What is the greatest common factor of 330 and w?
66
Suppose m - 5*y = 33 + 29, 0 = -m + 2*y + 74. Let v = -155 + 278. What is the greatest common factor of v and m?
41
Let q(m) = -m**2 + m + 52. Let p be q(0). Suppose -5*y + 88 = -p. Let g(o) = 77*o - 14. Let z be g(2). Calculate the greatest common divisor of z and y.
28
Suppose 2*f - 213 = -f. Suppose -3*u = -5*u + d + f, -3*d = 3. Let c be -2*2*(-14)/4. Calculate the greatest common divisor of c and u.
7
Suppose 17562 = 334*j - 27862. Let p = -25 + 42. Calculate the highest common divisor of j and p.
17
Let t(p) = -p**2 + p - 1. Let l be t(2). Let c(i) = -18*i**2 + 2*i. Let g be c(4). Let h be (g/(-12))/((-1)/l). What is the greatest common factor of 14 and h?
14
Suppose -357 = -2*i - 3*d, 5*d + 21 = i - 190. What is the highest common factor of 6 and i?
6
Suppose 0*v - v = 2. Let i be 48/10 - v/10. Suppose i*f - 237 = -c - 0*f, 2*c - 4*f = 516. What is the highest common divisor of c and 28?
28
Let s be (-2)/(-6) + (-2)/6. Suppose s*b = -3*b + 18. Suppose 2*g = -g + 36. Calculate the greatest common factor of g and b.
6
Let o(j) = 4*j + 4. Let x be o(-15). Let p = -51 - x. Calculate the highest common factor of 25 and p.
5
Suppose 3 = 2*u - 3. Let t be 4*((-7)/(-2) - u). Let i be (-4)/(-3)*6/t. What is the highest common factor of 10 and i?
2
Suppose 2*z - 229 = -3*i, z - 3*z + 205 = -5*i. What is the greatest common factor of 30 and z?
10
Suppose -3*q = 2*i - 252, 161 = 19*q - 17*q - i. Calculate the greatest common divisor of q and 1066.
82
Suppose 0 = 7*u - 45*u + 3724. Let j(s) = 3*s - 1. Let y be j(5). Calculate the highest common factor of u and y.
14
Let o(b) = -b**3 - b**2 - b - 1. Let f be o(-1). Let v be f*((-2)/4)/(-1). Suppose v = 3*j - 56 - 28. What is the greatest common divisor of 70 and j?
14
Suppose -3*i + 4*m - 6 = -6*i, m - 2 = -i. Let l(y) = -2*y**3 - 35*y**2 - 20*y - 48. Let d be l(-17). Calculate the highest common factor of d and i.
1
Let t(u) = 13*u + 7. Let x be t(-7). Let j be (x/10)/(-1)*5. Calculate the highest common divisor of 28 and j.
14
Let t = -732 - -746. Let p = -4 - 3. Let s be (-33 - 3)/(2/p). What is the greatest common divisor of s and t?
14
Let l(k) = 41*k + 91. Let n be l(-2). What is the greatest common factor of n and 15?
3
Suppose -59*m + 168 = -58*m. What is the highest common facto